lculate the remainder when 1061 is divided by 157.
119
Calculate the remainder when 55 is divided by 32.
23
Calculate the remainder when 45603 is divided by 11.
8
What is the remainder when 287 is divided by 61?
43
What is the remainder when 778 is divided by 66?
52
What is the remainder when 262 is divided by 35?
17
Calculate the remainder when 150 is divided by 47.
9
Calculate the remainder when 273 is divided by 10.
3
Calculate the remainder when 497 is divided by 50.
47
What is the remainder when 3654 is divided by 609?
0
What is the remainder when 304 is divided by 148?
8
Calculate the remainder when 4319 is divided by 361.
348
What is the remainder when 224 is divided by 59?
47
Calculate the remainder when 63 is divided by 17.
12
What is the remainder when 79 is divided by 36?
7
What is the remainder when 77 is divided by 6?
5
What is the remainder when 73 is divided by 19?
16
Calculate the remainder when 258 is divided by 247.
11
Calculate the remainder when 2131 is divided by 234.
25
Calculate the remainder when 590 is divided by 23.
15
What is the remainder when 2900 is divided by 9?
2
What is the remainder when 449 is divided by 68?
41
What is the remainder when 548 is divided by 79?
74
Calculate the remainder when 3899 is divided by 12.
11
What is the remainder when 52 is divided by 5?
2
What is the remainder when 163 is divided by 26?
7
What is the remainder when 177 is divided by 48?
33
What is the remainder when 844 is divided by 205?
24
Calculate the remainder when 35 is divided by 13.
9
What is the remainder when 57 is divided by 44?
13
Calculate the remainder when 662 is divided by 215.
17
Calculate the remainder when 347 is divided by 32.
27
Calculate the remainder when 14817 is divided by 65.
62
Calculate the remainder when 2437 is divided by 106.
105
What is the remainder when 1240 is divided by 83?
78
What is the remainder when 2319 is divided by 147?
114
Calculate the remainder when 39 is divided by 20.
19
What is the remainder when 275 is divided by 69?
68
Calculate the remainder when 507 is divided by 168.
3
Calculate the remainder when 503 is divided by 22.
19
Calculate the remainder when 140 is divided by 31.
16
What is the remainder when 35 is divided by 24?
11
What is the remainder when 110 is divided by 6?
2
Calculate the remainder when 111 is divided by 57.
54
Calculate the remainder when 147 is divided by 40.
27
What is the remainder when 504 is divided by 30?
24
What is the remainder when 184 is divided by 94?
90
Calculate the remainder when 275 is divided by 31.
27
What is the remainder when 33528 is divided by 5?
3
What is the remainder when 148 is divided by 30?
28
What is the remainder when 258 is divided by 24?
18
Calculate the remainder when 29376 is divided by 74.
72
Calculate the remainder when 5348 is divided by 1781.
5
Calculate the remainder when 105 is divided by 41.
23
What is the remainder when 229 is divided by 18?
13
What is the remainder when 192 is divided by 95?
2
Calculate the remainder when 222 is divided by 31.
5
What is the remainder when 2408 is divided by 801?
5
What is the remainder when 2959 is divided by 57?
52
What is the remainder when 297 is divided by 143?
11
Calculate the remainder when 213 is divided by 16.
5
What is the remainder when 28884 is divided by 202?
200
What is the remainder when 96 is divided by 35?
26
What is the remainder when 525 is divided by 24?
21
Calculate the remainder when 4691 is divided by 8.
3
Calculate the remainder when 569 is divided by 81.
2
What is the remainder when 14037 is divided by 90?
87
Calculate the remainder when 501 is divided by 36.
33
Calculate the remainder when 3220 is divided by 179.
177
What is the remainder when 262 is divided by 70?
52
Calculate the remainder when 202 is divided by 7.
6
Calculate the remainder when 1571 is divided by 393.
392
Calculate the remainder when 282 is divided by 71.
69
What is the remainder when 12298 is divided by 20?
18
What is the remainder when 11340 is divided by 214?
212
Calculate the remainder when 639 is divided by 50.
39
Calculate the remainder when 7870 is divided by 2621.
7
Calculate the remainder when 1799 is divided by 598.
5
Calculate the remainder when 57 is divided by 4.
1
What is the remainder when 537 is divided by 163?
48
What is the remainder when 84 is divided by 41?
2
What is the remainder when 116 is divided by 45?
26
Calculate the remainder when 60 is divided by 18.
6
What is the remainder when 377 is divided by 31?
5
Calculate the remainder when 651 is divided by 134.
115
Calculate the remainder when 247 is divided by 216.
31
Calculate the remainder when 2022 is divided by 92.
90
Calculate the remainder when 1576 is divided by 746.
84
Calculate the remainder when 97 is divided by 25.
22
Calculate the remainder when 2240 is divided by 17.
13
What is the remainder when 605 is divided by 100?
5
Calculate the remainder when 2430 is divided by 122.
112
What is the remainder when 133 is divided by 124?
9
Calculate the remainder when 66 is divided by 17.
15
What is the remainder when 19796 is divided by 24?
20
What is the remainder when 121 is divided by 22?
11
What is the remainder when 868 is divided by 326?
216
Calculate the remainder when 587 is divided by 53.
4
Calculate the remainder when 85 is divided by 46.
39
What is the remainder when 8600 is divided by 73?
59
Calculate the remainder when 80 is divided by 36.
8
What is the remainder when 788 is divided by 44?
40
Calculate the remainder when 178 is divided by 61.
56
What is the remainder when 887 is divided by 46?
13
Calculate the remainder when 782 is divided by 39.
2
What is the remainder when 69 is divided by 18?
15
Calculate the remainder when 715 is divided by 708.
7
What is the remainder when 156 is divided by 145?
11
What is the remainder when 326 is divided by 55?
51
Calculate the remainder when 1722 is divided by 39.
6
What is the remainder when 142 is divided by 27?
7
Calculate the remainder when 28 is divided by 12.
4
Calculate the remainder when 29 is divided by 26.
3
Calculate the remainder when 126 is divided by 16.
14
Calculate the remainder when 488 is divided by 36.
20
What is the remainder when 26 is divided by 10?
6
Calculate the remainder when 56 is divided by 23.
10
Calculate the remainder when 69 is divided by 4.
1
What is the remainder when 248 is divided by 24?
8
Calculate the remainder when 4269 is divided by 14.
13
Calculate the remainder when 75 is divided by 72.
3
Calculate the remainder when 510 is divided by 102.
0
What is the remainder when 155 is divided by 70?
15
What is the remainder when 279 is divided by 35?
34
Calculate the remainder when 72 is divided by 8.
0
Calculate the remainder when 2396 is divided by 75.
71
What is the remainder when 48915 is divided by 11?
9
Calculate the remainder when 184 is divided by 60.
4
Calculate the remainder when 52848 is divided by 79.
76
What is the remainder when 45 is divided by 12?
9
What is the remainder when 24990 is divided by 284?
282
What is the remainder when 183 is divided by 97?
86
Calculate the remainder when 104 is divided by 17.
2
Calculate the remainder when 4582 is divided by 569.
30
What is the remainder when 250 is divided by 15?
10
Calculate the remainder when 273 is divided by 57.
45
Calculate the remainder when 43 is divided by 30.
13
What is the remainder when 242 is divided by 82?
78
Calculate the remainder when 6306 is divided by 6302.
4
Calculate the remainder when 18516 is divided by 10.
6
Calculate the remainder when 624 is divided by 309.
6
What is the remainder when 84 is divided by 20?
4
What is the remainder when 1325 is divided by 258?
35
Calculate the remainder when 339 is divided by 17.
16
What is the remainder when 12492 is divided by 17?
14
Calculate the remainder when 247 is divided by 23.
17
Calculate the remainder when 136 is divided by 70.
66
Calculate the remainder when 577 is divided by 20.
17
Calculate the remainder when 395 is divided by 128.
11
Calculate the remainder when 247 is divided by 35.
2
What is the remainder when 295 is divided by 39?
22
What is the remainder when 63 is divided by 8?
7
What is the remainder when 2263 is divided by 4?
3
What is the remainder when 759 is divided by 90?
39
Calculate th